List the prime factors of 7093.
41, 173
List the prime factors of 643.
643
List the prime factors of 7679.
7, 1097
List the prime factors of 12234.
2, 3, 2039
List the prime factors of 22.
2, 11
List the prime factors of 333.
3, 37
What are the prime factors of 21699?
3, 2411
List the prime factors of 52059.
3, 7, 37, 67
List the prime factors of 68798.
2, 41, 839
What are the prime factors of 33385?
5, 11, 607
What are the prime factors of 5982?
2, 3, 997
What are the prime factors of 48120?
2, 3, 5, 401
List the prime factors of 3430.
2, 5, 7
What are the prime factors of 1724?
2, 431
List the prime factors of 764.
2, 191
List the prime factors of 3428.
2, 857
List the prime factors of 73302.
2, 3, 19, 643
What are the prime factors of 421?
421
What are the prime factors of 2363?
17, 139
List the prime factors of 5760.
2, 3, 5
List the prime factors of 6105.
3, 5, 11, 37
What are the prime factors of 6016?
2, 47
What are the prime factors of 76908?
2, 3, 13, 17, 29
What are the prime factors of 12463?
11, 103
What are the prime factors of 6073?
6073
What are the prime factors of 23584?
2, 11, 67
What are the prime factors of 30731?
79, 389
List the prime factors of 4363.
4363
What are the prime factors of 6358?
2, 11, 17
What are the prime factors of 1518?
2, 3, 11, 23
What are the prime factors of 1227?
3, 409
What are the prime factors of 25668?
2, 3, 23, 31
List the prime factors of 1521.
3, 13
What are the prime factors of 981?
3, 109
List the prime factors of 2043.
3, 227
What are the prime factors of 5762?
2, 43, 67
What are the prime factors of 88401?
3, 79, 373
What are the prime factors of 4963?
7, 709
What are the prime factors of 23885?
5, 17, 281
What are the prime factors of 103962?
2, 3, 17327
List the prime factors of 16396.
2, 4099
List the prime factors of 173.
173
What are the prime factors of 778?
2, 389
What are the prime factors of 114100?
2, 5, 7, 163
List the prime factors of 96610.
2, 5, 9661
What are the prime factors of 16290?
2, 3, 5, 181
What are the prime factors of 814?
2, 11, 37
What are the prime factors of 139?
139
What are the prime factors of 17490?
2, 3, 5, 11, 53
List the prime factors of 12934.
2, 29, 223
List the prime factors of 264.
2, 3, 11
What are the prime factors of 1398?
2, 3, 233
List the prime factors of 1552.
2, 97
What are the prime factors of 4418?
2, 47
What are the prime factors of 1990?
2, 5, 199
What are the prime factors of 197011?
19, 10369
List the prime factors of 268.
2, 67
What are the prime factors of 22960?
2, 5, 7, 41
List the prime factors of 322.
2, 7, 23
What are the prime factors of 1600?
2, 5
List the prime factors of 68659.
68659
What are the prime factors of 5824?
2, 7, 13
What are the prime factors of 1206?
2, 3, 67
What are the prime factors of 84477?
3, 29, 971
What are the prime factors of 2644?
2, 661
What are the prime factors of 2783?
11, 23
What are the prime factors of 48831?
3, 41, 397
List the prime factors of 6369.
3, 11, 193
What are the prime factors of 9351?
3, 1039
What are the prime factors of 39809?
7, 11, 47
What are the prime factors of 1676?
2, 419
What are the prime factors of 50710?
2, 5, 11, 461
What are the prime factors of 3863?
3863
List the prime factors of 1865.
5, 373
List the prime factors of 3647.
7, 521
List the prime factors of 196.
2, 7
List the prime factors of 1998.
2, 3, 37
What are the prime factors of 21753?
3, 2417
What are the prime factors of 12506?
2, 13, 37
List the prime factors of 2385.
3, 5, 53
What are the prime factors of 59120?
2, 5, 739
What are the prime factors of 1551?
3, 11, 47
What are the prime factors of 29265?
3, 5, 1951
List the prime factors of 4373.
4373
What are the prime factors of 5884?
2, 1471
List the prime factors of 41739.
3, 13913
List the prime factors of 1728.
2, 3
List the prime factors of 1984.
2, 31
List the prime factors of 208.
2, 13
List the prime factors of 5669.
5669
List the prime factors of 10931.
17, 643
What are the prime factors of 5832?
2, 3
List the prime factors of 1923.
3, 641
List the prime factors of 33368.
2, 43, 97
What are the prime factors of 3793?
3793
List the prime factors of 55.
5, 11
List the prime factors of 18412.
2, 4603
List the prime factors of 130506.
2, 3, 21751
What are the prime factors of 761?
761
List the prime factors of 10538.
2, 11, 479
List the prime factors of 1918.
2, 7, 137
List the prime factors of 606.
2, 3, 101
List the prime factors of 52.
2, 13
What are the prime factors of 1366?
2, 683
What are the prime factors of 479?
479
List the prime factors of 7304.
2, 11, 83
List the prime factors of 4879.
7, 17, 41
List the prime factors of 948.
2, 3, 79
List the prime factors of 539.
7, 11
What are the prime factors of 3099?
3, 1033
What are the prime factors of 77607?
3, 8623
List the prime factors of 1274.
2, 7, 13
What are the prime factors of 9209?
9209
List the prime factors of 2778.
2, 3, 463
What are the prime factors of 6194?
2, 19, 163
List the prime factors of 53443.
13, 4111
List the prime factors of 21265.
5, 4253
What are the prime factors of 70598?
2, 11, 3209
List the prime factors of 144565.
5, 29, 997
What are the prime factors of 24998?
2, 29, 431
What are the prime factors of 9206?
2, 4603
What are the prime factors of 52626?
2, 3, 7, 179
What are the prime factors of 696?
2, 3, 29
List the prime factors of 191147.
11, 17377
List the prime factors of 4628.
2, 13, 89
List the prime factors of 73266.
2, 3, 12211
List the prime factors of 3584.
2, 7
What are the prime factors of 1744?
2, 109
What are the prime factors of 43757?
7, 19, 47
List the prime factors of 24157.
7, 17, 29
List the prime factors of 122.
2, 61
What are the prime factors of 14858?
2, 17, 19, 23
What are the prime factors of 2659?
2659
What are the prime factors of 146695?
5, 29339
List the prime factors of 13557.
3, 4519
List the prime factors of 5676.
2, 3, 11, 43
List the prime factors of 21474.
2, 3, 1193
What are the prime factors of 54?
2, 3
What are the prime factors of 1603?
7, 229
List the prime factors of 1543.
1543
What are the prime factors of 48727?
7, 6961
What are the prime factors of 3552?
2, 3, 37
What are the prime factors of 2210?
2, 5, 13, 17
List the prime factors of 44034.
2, 3, 41, 179
What are the prime factors of 70784?
2, 7, 79
List the prime factors of 9657.
3, 29, 37
What are the prime factors of 363?
3, 11
What are the prime factors of 2164?
2, 541
List the prime factors of 304.
2, 19
What are the prime factors of 1112?
2, 139
List the prime factors of 619.
619
List the prime factors of 2675.
5, 107
What are the prime factors of 21727?
21727
What are the prime factors of 4874?
2, 2437
List the prime factors of 818.
2, 409
What are the prime factors of 20384?
2, 7, 13
List the prime factors of 24846.
2, 3, 41, 101
List the prime factors of 7797.
3, 23, 113
List the prime factors of 3269.
7, 467
List the prime factors of 28042.
2, 7, 2003
List the prime factors of 997.
997
List the prime factors of 1623.
3, 541
What are the prime factors of 21471?
3, 17, 421
List the prime factors of 67268.
2, 67, 251
List the prime factors of 903.
3, 7, 43
List the prime factors of 126031.
126031
What are the prime factors of 720?
2, 3, 5
What are the prime factors of 1316?
2, 7, 47
What are the prime factors of 25564?
2, 7, 11, 83
What are the prime factors of 30418?
2, 67, 227
List the prime factors of 1033.
1033
What are the prime factors of 7308?
2, 3, 7, 29
List the prime factors of 123.
3, 41
List the prime factors of 69797.
7, 13, 59
What are the prime factors of 832?
2, 13
List the prime factors of 4496.
2, 281
What are the prime factors of 91121?
91121
List the prime factors of 3359.
3359
What are the prime factors of 4013?
4013
What are the prime factors of 5378?
2, 2689
List the prime factors of 18182.
2, 9091
What are the prime factors of 83185?
5, 127, 131
List the prime factors of 154664.
2, 19333
What are the prime factors of 9223?
23, 401
What are the prime factors of 32582?
2, 11, 1481
What are the prime factors of 503?
503
List the prime factors of 68399.
68399
What are the prime factors of 25250?
2, 5, 101
List the prime factors of 2046.
2, 3, 11, 31
List the prime factors of 925.
5, 37
What are the prime factors of 75?
3, 5
List the p